14).
-28
Let j(u) = 4*u**2 + 23*u - 15. Give j(-8).
57
Let r(z) = -z**3 + 14*z**2 + 10*z + 72. What is r(15)?
-3
Let z(f) = 3*f**2 + 251*f - 98. Give z(-84).
-14
Let r(h) = 3*h**3 - 21*h**2 - 5*h + 11. What is r(8)?
163
Let l(h) = 57*h + 208. Calculate l(-5).
-77
Let p(k) = -4*k + 112. Give p(28).
0
Let f(x) = 14*x - 159. Calculate f(13).
23
Let o(k) = 240*k - 19216. Give o(80).
-16
Let u(j) = j**3 - 27*j**2 + 46*j + 40. Determine u(25).
-60
Let a(r) = 50*r - 3008. Give a(60).
-8
Let c(f) = 2*f**3 + 32*f**2 + 124*f - 9. Determine c(-7).
5
Let s(t) = 23*t + 815. Give s(-36).
-13
Let m(w) = -4*w**2 - 24*w + 124. Calculate m(-11).
-96
Let i(k) = 22*k**2 - 16*k. Calculate i(-4).
416
Let v(b) = -b**2 + 200*b - 9689. Calculate v(83).
22
Let w(q) = 84*q - 7213. Determine w(86).
11
Let y(p) = 7*p + 276. Determine y(-30).
66
Let d(r) = r**3 + 15*r**2 - 20*r - 20. What is d(-17)?
-258
Let o(n) = 168*n - 1666. Calculate o(10).
14
Let c(v) = 22*v + 2381. Calculate c(-108).
5
Let r(z) = -136*z + 3393. Give r(25).
-7
Let y(j) = 6*j**2 - 79*j + 13. Determine y(14).
83
Let l(w) = -w**2 + 41*w + 1503. Give l(-24).
-57
Let s(b) = b**2 - 42*b + 424. Give s(10).
104
Let j(y) = -3*y**3 - 67*y**2 + 30*y - 371. What is j(-23)?
-3
Let a(x) = -2*x**3 + 42*x**2 - 39*x - 31. Calculate a(20).
-11
Let m(i) = -i**2 + 1381*i - 53638. Give m(40).
2
Let v(y) = y**3 - 7*y**2 - 44*y - 47. Calculate v(11).
-47
Let v(x) = -x**2 - 655*x + 2606. Give v(4).
-30
Let i(s) = s**3 - 16*s**2 - 63*s + 1274. Give i(14).
0
Let z(j) = -55*j + 327. What is z(6)?
-3
Let y(x) = 13*x + 169. Give y(-9).
52
Let q(g) = 347*g + 4861. Determine q(-14).
3
Let w(p) = -p**3 - 19*p**2 + 3*p - 33. Calculate w(-19).
-90
Let t(i) = 1124*i + 13481. What is t(-12)?
-7
Let h(l) = -5*l**2 + l + 41. Give h(4).
-35
Let z(u) = -3*u**3 + 25*u**2 - 27*u + 165. What is z(8)?
13
Let u(s) = 202*s - 92. What is u(-2)?
-496
Let a(f) = -f**3 + 10*f**2 + 24*f + 1. Determine a(11).
144
Let f(k) = -k**3 - 69*k**2 + 217*k + 78. Calculate f(-72).
6
Let y(t) = -229*t + 6182. Give y(27).
-1
Let u(i) = -i**3 - 126*i**2 + 794*i + 265. Give u(-132).
1
Let i(g) = -1450*g + 27544. Calculate i(19).
-6
Let b(i) = i**3 + 34*i**2 - 869*i - 29192. What is b(-35)?
-2
Let z(t) = t**3 - 12*t**2 - 30*t + 8. Calculate z(14).
-20
Let r(o) = -o**3 + 14*o**2 - 38*o + 49. Determine r(11).
-6
Let d(x) = 2*x**3 - 21*x**2 - 43*x + 355. Determine d(11).
3
Let c(h) = -h**3 - 49*h**2 - 395*h - 90. Give c(-39).
105
Let b(n) = -n**3 - 30*n**2 + 66*n + 68. Calculate b(-32).
4
Let x(y) = y**3 - 17*y**2 - 64*y + 510. Calculate x(19).
16
Let l(g) = -21*g**2 - 164*g + 19. Calculate l(-8).
-13
Let w(y) = 6*y - 27. Give w(3).
-9
Let l(w) = -484*w - 3883. Give l(-8).
-11
Let d(v) = -v**3 + 55*v**2 + 239*v - 180. Give d(59).
-3
Let t(q) = q**3 + 31*q**2 + 242*q + 265. What is t(-19)?
-1
Let p(z) = -61*z + 64. Give p(1).
3
Let r(d) = d**3 - 17*d**2 + 3*d - 22. What is r(17)?
29
Let d(i) = 1916*i + 3864. Give d(-2).
32
Let d(l) = l**3 + 374*l**2 - 1892*l - 10. Calculate d(5).
5
Let j(x) = 16*x**3 - 4*x**2 - 15*x - 2. Calculate j(-3).
-425
Let t(z) = 15*z - 77. Calculate t(-7).
-182
Let u(x) = -x**3 - 90*x**2 + 994*x - 619. What is u(-100)?
-19
Let f(x) = 7044*x + 35222. Determine f(-5).
2
Let q(y) = y**2 - 26*y + 141. Calculate q(9).
-12
Let k(b) = -115*b - 235. Determine k(-8).
685
Let s(y) = -22*y**2 - 301*y - 300. Determine s(-1).
-21
Let p(f) = -f**2 - 179*f + 1445. Calculate p(8).
-51
Let l(d) = -84*d**2 - 670*d + 23. What is l(-8)?
7
Let b(w) = -w**2 + 120*w - 2295. Calculate b(96).
9
Let l(s) = -7*s**2 - 63*s - 146. Calculate l(-4).
-6
Let v(y) = y**3 - 9*y**2 - 5*y + 5. Determine v(10).
55
Let j(f) = -3*f**3 - 33*f**2 + 24*f + 262. Give j(-11).
-2
Let l(z) = -5*z**2 + 50*z - 110. Calculate l(3).
-5
Let s(y) = 332*y - 37182. Give s(112).
2
Let c(t) = -2449*t - 17235. Give c(-7).
-92
Let u(g) = g**2 - 84*g + 1667. Determine u(32).
3
Let v(a) = a**3 - 88*a**2 - 160*a + 6303. Determine v(89).
-16
Let n(g) = -g**2 + 22*g - 186. Determine n(15).
-81
Let q(g) = -98*g + 7649. Determine q(78).
5
Let c(r) = 5*r**2 + 224*r - 1790. Calculate c(7).
23
Let i(q) = q**2 + 129*q - 5547. Calculate i(34).
-5
Let w(p) = p**3 - 16*p**2 - 7*p - 33. What is w(16)?
-145
Let q(m) = 91*m - 2260. Give q(25).
15
Let w(i) = 149*i - 63. Calculate w(-1).
-212
Let c(y) = -3*y**2 - 11*y + 67. Determine c(-5).
47
Let x(m) = -2*m**2 + 3*m + 1. Determine x(-13).
-376
Let r(p) = 6*p**2 - 20*p + 9. Calculate r(12).
633
Let q(p) = 14*p + 859. Give q(-62).
-9
Let r(f) = 108*f**2 + 4101*f + 6. Calculate r(-38).
120
Let m(k) = 33*k + 1357. Calculate m(-41).
4
Let y(g) = g**3 + 99*g**2 - 200*g - 78. Calculate y(-101).
-280
Let x(q) = -q**3 + 102*q - 221. Determine x(9).
-32
Let z(k) = k**2 - 47*k - 2039. Determine z(-28).
61
Let v(t) = -t**3 + 5*t**2 - 41*t + 289. Give v(6).
7
Let u(a) = -60*a - 640. Give u(-10).
-40
Let c(z) = -42*z**2 + 731*z + 19. Determine c(18).
-431
Let z(v) = -40*v - 154. Determine z(0).
-154
Let l(u) = -88*u + 714. Determine l(8).
10
Let o(k) = -3*k**3 - 32*k**2 + 79*k + 757. Determine o(-11).
9
Let z(q) = -4*q**3 + 32*q**2 - 14*q + 138. What is z(8)?
26
Let l(d) = -d**3 - 30*d**2 - 119*d - 388. Calculate l(-26).
2
Let q(k) = -6*k**3 - 46*k**2 - 6*k - 12. Give q(-7).
-166
Let c(l) = -9*l**3 - 11*l**2 + 26*l - 5. Give c(4).
-653
Let r(p) = p**2 - 17*p - 29. What is r(-8)?
171
Let m(s) = -6*s**2 - 134*s + 9. Calculate m(-21).
177
Let g(s) = 56*s**2 - 51*s - 1. What is g(1)?
4
Let q(o) = 211*o + 3446. Determine q(-17).
-141
Let f(x) = -8*x + 174. Calculate f(17).
38
Let y(f) = -14*f**2 - 58*f + 2. What is y(-11)?
-1054
Let u(s) = -s**3 + 38*s**2 - 65*s - 156. Determine u(36).
96
Let p(j) = j**3 - 58*j**2 - 42*j - 997. Calculate p(59).
6
Let l(i) = -i**2 - 705*i - 2795. Give l(-4).
9
Let i(u) = u**2 + 11*u - 313. Give i(-24).
-1
Let j(d) = d**2 - 135*d + 3509. Calculate j(35).
9
Let r(h) = -28*h + 319. Give r(-6).
487
Let l(g) = 184*g - 2027. What is l(11)?
-3
Let f(j) = -j**3 + 37*j**2 + 76*j + 220. Give f(39).
142
Let g(y) = -22*y**3 - 109*y**2 + 4*y + 5. Calculate g(-5).
10
Let k(o) = -o**2 - 18*o + 137. Calculate k(-21).
74
Let j(c) = 192*c + 3284. Calculate j(-17).
20
Let q(z) = -161*z + 1594. Determine q(10).
-16
Let j(t) = 2*t**3 - 475*t**2 + 223*t + 3306. Give j(237).
-12
Let q(r) = r**3 + 16*r**2 + 34*r - 158. What is q(-11)?
73
Let r(n) = -n**3 - 20*n**2 + 23*n + 82. Calculate r(-21).
40
Let j(w) = -524*w**2 + 3148*w - 32. Determine j(6).
-8
Let s(v) = -178*v + 13175. What is s(74)?
3
Let v(o) = 10*o**3 + 40*o**2 - 7*o - 31. What is v(-4)?
-3
Let r(l) = -l**2 + 107*l - 601. Give r(6).
5
Let f(h) = 4*h**2 + 867*h + 11922. Determine f(-202).
4
Let t(m) = 22*m**2 - 658*m + 12. Determine t(30).
72
Let s(h) = 2*h**3 + 33*h**2 - 141*h + 21. Determine s(-20).
41
Let d(g) = g**2 - 49*g + 605. Give d(25).
5
Let i(t) = -2*t**3 + 10*t**2 - 19*t - 16. Give i(6).
-202
Let a(i) = i**3 + 11*i**2 + 41*i + 241. What is a(-8)?
105
Let f(o) = 6*o**2 - 108*o - 1462. Give f(27).
-4
Let l(p) = -p**3 + 43*p**2 - 104*p + 4473. Give l(43).
1
Let w(j) = 120*j + 7307. Calculate w(-61).
-13
Let p(m) = -2095*m - 8348. What is p(-4)?
32
Let v(l) = -527*l - 1331. Determine v(-2).
-277
Let d(v) = 6*v**2 + 69*v - 22. What is d(-12)?
14
Let g(s) = 8*s**3 - 3*s**2 - 34*s - 95. What is g(-3)?
-236
Let r(s) = -s**2 + 209*s + 825. Determine r(-4).
-27
Let w(j) = -2*j**3 + 14*j**2 - 456*j + 2189. Calculate w(5).
9
Let l(m) = m**2 - 62*m + 921. What is l(27)?
-24
Let y(u) = 52*u**3 - u**2 + 4*u + 1. What is y(-2)?
-427
Let o(a) = -5*a**3 + 7*a**2 - 17*a - 4. Determine o(4).
-280
Let s(y) = -y**2 - 22*y + 132. Give s(7).
-71
Let t(a) = -5*a**3 - 16*a - 18. What is t(-1)?
3
Let d(m) = m**2 + 67*m + 655. Determine d(-12).
-5
Let g(c) = -c**3 - 7*c**2 - 4*c + 16. Determine g(-8).
112
Let o(d) = -2*d**3 + 141*d**2 + 228*d - 813. Calculate o(72).
51
Let o(d) = 2*d**3 - 63*d**2 + 40*d - 16. What is o(31)?
263
Let b(r) = 454*r - 501. What is b(1)?
-47
Let j(y) = 2*y**3 - 5*y**2 - y + 14. What is j(5)?
134
Let s(o) = -o**3 + 11*o**2 - 21*o + 123. What is s(10)?
13
Let i(j) = 3*j**3 - j**2 - 4*j + 5. What is i(2)?
17
Let s(t) = -122*t - 7801. Calculate s(-64).
7
Let a(j) = 31*j + 378. What is a(-11)?
37
Let q(j) =